{"id":1874,"date":"2019-06-18T19:55:02","date_gmt":"2019-06-18T19:55:02","guid":{"rendered":"https:\/\/katiacanton.com.br\/?page_id=1874"},"modified":"2025-01-13T18:50:01","modified_gmt":"2025-01-13T18:50:01","slug":"livros","status":"publish","type":"page","link":"https:\/\/katiacanton.com.br\/?page_id=1874","title":{"rendered":"livros"},"content":{"rendered":"<p>[vc_row full_width=&#8221;stretch_row&#8221; css=&#8221;.vc_custom_1560805414780{padding-top: 30px !important;padding-right: 20px !important;padding-left: 20px !important;background-color: #fff0de !important;}&#8221;][vc_column width=&#8221;1\/4&#8243;][\/vc_column][vc_column width=&#8221;1\/2&#8243;][vc_custom_heading text=&#8221;LIVROS&#8221; font_container=&#8221;tag:h1|text_align:center|color:%23f06a41&#8243; use_theme_fonts=&#8221;yes&#8221; css=&#8221;.vc_custom_1560878136576{padding-top: 0px !important;background-position: center !important;background-repeat: no-repeat !important;background-size: contain !important;}&#8221;][\/vc_column][vc_column width=&#8221;1\/4&#8243;][\/vc_column][\/vc_row][vc_row full_width=&#8221;stretch_row&#8221; css=&#8221;.vc_custom_1562681597077{padding-top: 0px !important;padding-right: 20px !important;padding-left: 20px !important;background-color: #fff0de !important;}&#8221;][vc_column width=&#8221;1\/5&#8243;][\/vc_column][vc_column width=&#8221;1\/5&#8243; el_class=&#8221;livros&#8221;][vc_gallery type=&#8221;nivo&#8221; interval=&#8221;0&#8243; images=&#8221;1879,1877,1878,1880&#8243; img_size=&#8221;full&#8221; title=&#8221;Katia Canton \/ Ed. Olhares&#8221;][vc_gallery interval=&#8221;0&#8243; images=&#8221;1893,1891,1892&#8243; img_size=&#8221;full&#8221; title=&#8221;O Grande Amigo \/ Ed. Panda&#8221;][vc_gallery interval=&#8221;0&#8243; images=&#8221;1908,1903,1905&#8243; img_size=&#8221;full&#8221; title=&#8221;Monstru\u00e1rio \/ Ed. DCL&#8221;][vc_gallery interval=&#8221;0&#8243; images=&#8221;1918,1919,1920,1921&#8243; img_size=&#8221;full&#8221; title=&#8221;Yoga para crian\u00e7as \/ Ed. Cosac Naify&#8221;][vc_gallery interval=&#8221;0&#8243; images=&#8221;1930,1931,1932,1933&#8243; img_size=&#8221;full&#8221; title=&#8221;Mesa de Artista \/ Ed. Sesi&#8221;][vc_gallery interval=&#8221;0&#8243; images=&#8221;1943,1944,1945,1946&#8243; img_size=&#8221;full&#8221; title=&#8221;Beijo de Artista \/ Ed. Sesi&#8221;][vc_gallery interval=&#8221;0&#8243; images=&#8221;1955,1956,1957&#8243; img_size=&#8221;full&#8221; title=&#8221;Maria Martins com Maria Tereza Louro \/ MAC USP&#8221;][vc_gallery interval=&#8221;0&#8243; images=&#8221;1966,1967,1968,1969&#8243; img_size=&#8221;full&#8221; title=&#8221;Hist\u00f3rias de Valor \/ Ed. Martins Fontes&#8221;][vc_gallery interval=&#8221;0&#8243; images=&#8221;1977,1978,1979&#8243; img_size=&#8221;full&#8221; title=&#8221;A Noiva do Rei \/ Ed. DCL&#8221;][vc_gallery interval=&#8221;0&#8243; images=&#8221;1984,1985,1986,1987&#8243; img_size=&#8221;full&#8221; title=&#8221;Natureza. Olhar de Artista \/ Ed. DCL&#8221;][vc_gallery interval=&#8221;0&#8243; images=&#8221;1996,1997&#8243; img_size=&#8221;full&#8221; title=&#8221;E o Pr\u00edncipe Dan\u00e7ou \/ Ed. \u00c1tica&#8221;][vc_gallery interval=&#8221;0&#8243; images=&#8221;2002,2003,2004&#8243; img_size=&#8221;full&#8221; title=&#8221;Nov\u00edssima Arte Brasileira \/ MAC USP&#8221;][vc_gallery interval=&#8221;0&#8243; images=&#8221;2016,2017,2018,2398,2399,2400,2401,2402,2403,2404,2405,2406&#8243; img_size=&#8221;full&#8221; title=&#8221;Arte Conta Hist\u00f3ria Box \/ Ed. DCL&#8221;][vc_gallery interval=&#8221;0&#8243; images=&#8221;2573,2574,2575&#8243; img_size=&#8221;full&#8221; title=&#8221;A Teoria do Chap\u00e9u \/ Ed. Carochinha&#8221;][\/vc_column][vc_column width=&#8221;1\/5&#8243; el_class=&#8221;livros&#8221;][vc_gallery interval=&#8221;0&#8243; images=&#8221;1881,1882,1883&#8243; img_size=&#8221;full&#8221; title=&#8221;Besti\u00e1rio Transg\u00eanico \/ Ed. DCL&#8221;][vc_gallery interval=&#8221;0&#8243; images=&#8221;1896,1894,1895&#8243; img_size=&#8221;full&#8221; title=&#8221;O Roubo do arco Iris \/ Ed. WMF Martins Fontes&#8221;][vc_gallery interval=&#8221;0&#8243; images=&#8221;1909,1910,1911&#8243; img_size=&#8221;full&#8221; title=&#8221;Encyclopedia of Folktales and Fairy Tales (3 vols)&#8221;][vc_gallery interval=&#8221;0&#8243; images=&#8221;1922,1923,1924,1925&#8243; img_size=&#8221;full&#8221; title=&#8221;Espelho de Artista. Auto-retrato \/ Ed. Sesi&#8221;][vc_gallery interval=&#8221;0&#8243; images=&#8221;1934,1935,1936,1937&#8243; img_size=&#8221;full&#8221; title=&#8221;A Cozinha Encantada das Fadas\/ Ed. Cia. das Letrinhas&#8221;][vc_gallery interval=&#8221;0&#8243; images=&#8221;1947,1948,1949,1950&#8243; img_size=&#8221;full&#8221; title=&#8221;Brasil, Olhar de Artista \/ Ed. DCL&#8221;][vc_gallery interval=&#8221;0&#8243; images=&#8221;1958,1959,1960,1961&#8243; img_size=&#8221;full&#8221; title=&#8221;O Maior Her\u00f3i do Mundo \/ Ed. DCL&#8221;][vc_gallery interval=&#8221;0&#8243; images=&#8221;1970,1971,1972,1973&#8243; img_size=&#8221;full&#8221; title=&#8221;Fabriqueta de Id\u00e9ias \/ Ed. Cia. das Letrinhas&#8221;][vc_gallery interval=&#8221;0&#8243; images=&#8221;1904,1902,1906,1907&#8243; img_size=&#8221;full&#8221; title=&#8221;Monstru\u00e1rio \/ Ed. DCL&#8221;][vc_gallery interval=&#8221;0&#8243; images=&#8221;1988,1989,1990,1991&#8243; img_size=&#8221;full&#8221; title=&#8221;Fabriqueta Abeced\u00e1rio \/ Ed. Cia. das Letrinhas&#8221;][vc_gallery interval=&#8221;0&#8243; images=&#8221;1999,1998&#8243; img_size=&#8221;full&#8221; title=&#8221;Noites de Esperan\u00e7a \/ Ed. WMF Martins Fontes&#8221;][vc_gallery interval=&#8221;0&#8243; images=&#8221;2007,2008,2005,2006&#8243; img_size=&#8221;full&#8221; title=&#8221;Temas Arte Contempor\u00e2nea \/ Ed. WMF Martins Fontes&#8221;][vc_gallery interval=&#8221;0&#8243; images=&#8221;2019,2020,2021&#8243; img_size=&#8221;full&#8221; title=&#8221;The Fairy Tale Revisited \/ Ed. Peter Lang &#8220;][\/vc_column][vc_column width=&#8221;1\/5&#8243; el_class=&#8221;livros&#8221;][vc_gallery interval=&#8221;0&#8243; images=&#8221;1884,1885,1886,1887&#8243; img_size=&#8221;full&#8221; title=&#8221;Fantasias \/ Ed. WMF Martins Fontes&#8221;][vc_gallery interval=&#8221;0&#8243; images=&#8221;1900,1897,1898,1899&#8243; img_size=&#8221;full&#8221; title=&#8221;O Pr\u00edncipe Encantado e o Mico Le\u00e3o Dourado \/ Ed. DCL&#8221;][vc_gallery interval=&#8221;0&#8243; images=&#8221;1912,1913,1914,1916&#8243; img_size=&#8221;full&#8221; title=&#8221;Moda \/ Uma Hist\u00f3ria Para Crian\u00e7as \/ Ed. Cosac Naify&#8221;][vc_gallery interval=&#8221;0&#8243; images=&#8221;1926,1927,1928,1929&#8243; img_size=&#8221;full&#8221; title=&#8221;Bicho de Artista \/ Ed. Sesi&#8221;][vc_gallery interval=&#8221;0&#8243; images=&#8221;1938,1939,1940,1941&#8243; img_size=&#8221;full&#8221; title=&#8221;Brincadeiras \/ Ed. WMF Martins Fontes&#8221;][vc_gallery interval=&#8221;0&#8243; images=&#8221;1951,1952,1953,1954&#8243; img_size=&#8221;full&#8221; title=&#8221;Lendas De Amor \/ Ed. DCL&#8221;][vc_gallery interval=&#8221;0&#8243; images=&#8221;1962,1963,1964,1965&#8243; img_size=&#8221;full&#8221; title=&#8221;O Sonho da Princesa \/ Ed. DCL&#8221;][vc_gallery interval=&#8221;0&#8243; images=&#8221;1974,1975,1976&#8243; img_size=&#8221;full&#8221; title=&#8221;Os Desenhos M\u00e1gicos \/ Ed. DCL&#8221;][vc_gallery interval=&#8221;0&#8243; images=&#8221;1980,1981,1982,1983&#8243; img_size=&#8221;full&#8221; title=&#8221;Minimagin\u00e1rio de Andersen \/ Ed. Cia. das Letrinhas &#8220;][vc_gallery interval=&#8221;0&#8243; images=&#8221;1992,1993,1994,1995&#8243; img_size=&#8221;full&#8221; title=&#8221;Retrato da Arte Moderna \/ Ed. WMF Martins Fontes&#8221;][vc_gallery interval=&#8221;0&#8243; images=&#8221;2000,2001&#8243; img_size=&#8221;full&#8221; title=&#8221;Os Contos de Fadas e a Arte \/ Ed.Prumo&#8221;][vc_gallery interval=&#8221;0&#8243; images=&#8221;2015,2014,2009,2010,2011,2012,2013&#8243; img_size=&#8221;full&#8221; title=&#8221;Era Uma Vez \/ cole\u00e7\u00e3o de s\u00e9rie \/ Ed. DCL&#8221;][vc_gallery interval=&#8221;0&#8243; images=&#8221;2782,2783,2784,2785&#8243; img_size=&#8221;full&#8221; title=&#8221;Cozinha Curiosa das F\u00e1bulas \/ Ed. Cia. das Letrinhas&#8221;][\/vc_column][vc_column width=&#8221;1\/5&#8243;][\/vc_column][\/vc_row][vc_row full_width=&#8221;stretch_row&#8221; css=&#8221;.vc_custom_1560801804988{background-color: #fff0de !important;}&#8221;][vc_column width=&#8221;1\/2&#8243;][vc_column_text]<a href=\"https:\/\/www.instagram.com\/katiacanton.artepsicanalise\/\"><img loading=\"lazy\" decoding=\"async\" class=\"alignnone wp-image-1658 size-full\" src=\"https:\/\/katiacanton.com.br\/wp-content\/uploads\/2019\/06\/insta.png\" alt=\"\" width=\"44\" height=\"44\" \/><\/a>\u00a0\u00a0<a href=\"https:\/\/www.facebook.com\/katia.canton.3\"><img loading=\"lazy\" decoding=\"async\" class=\"alignnone size-full wp-image-1657\" src=\"https:\/\/katiacanton.com.br\/wp-content\/uploads\/2019\/06\/face.png\" alt=\"\" width=\"44\" height=\"44\" \/><\/a>[\/vc_column_text][\/vc_column][vc_column width=&#8221;1\/2&#8243;][vc_single_image image=&#8221;1659&#8243; img_size=&#8221;full&#8221; alignment=&#8221;right&#8221;][\/vc_column][\/vc_row]<\/p>\n","protected":false},"excerpt":{"rendered":"<p>[vc_row full_width=&#8221;stretch_row&#8221; css=&#8221;.vc_custom_1560805414780{padding-top: 30px !important;padding-right: 20px !important;padding-left: 20px !important;background-color: #fff0de !important;}&#8221;][vc_column width=&#8221;1\/4&#8243;][\/vc_column][vc_column width=&#8221;1\/2&#8243;][vc_custom_heading text=&#8221;LIVROS&#8221; font_container=&#8221;tag:h1|text_align:center|color:%23f06a41&#8243; use_theme_fonts=&#8221;yes&#8221; css=&#8221;.vc_custom_1560878136576{padding-top: 0px !important;background-position: center !important;background-repeat: no-repeat !important;background-size: contain !important;}&#8221;][\/vc_column][vc_column width=&#8221;1\/4&#8243;][\/vc_column][\/vc_row][vc_row full_width=&#8221;stretch_row&#8221; css=&#8221;.vc_custom_1562681597077{padding-top: 0px !important;padding-right: 20px !important;padding-left: 20px !important;background-color: #fff0de !important;}&#8221;][vc_column width=&#8221;1\/5&#8243;][\/vc_column][vc_column width=&#8221;1\/5&#8243; el_class=&#8221;livros&#8221;][vc_gallery type=&#8221;nivo&#8221; interval=&#8221;0&#8243; images=&#8221;1879,1877,1878,1880&#8243; img_size=&#8221;full&#8221; title=&#8221;Katia Canton \/ Ed. Olhares&#8221;][vc_gallery interval=&#8221;0&#8243; images=&#8221;1893,1891,1892&#8243; img_size=&#8221;full&#8221; title=&#8221;O Grande Amigo \/ &hellip; <a href=\"https:\/\/katiacanton.com.br\/?page_id=1874\" title=\"livros\" class=\"read-more\">Read More<\/a><\/p>\n","protected":false},"author":1,"featured_media":0,"parent":0,"menu_order":0,"comment_status":"closed","ping_status":"closed","template":"","meta":{"footnotes":""},"class_list":["post-1874","page","type-page","status-publish","hentry"],"_links":{"self":[{"href":"https:\/\/katiacanton.com.br\/index.php?rest_route=\/wp\/v2\/pages\/1874","targetHints":{"allow":["GET"]}}],"collection":[{"href":"https:\/\/katiacanton.com.br\/index.php?rest_route=\/wp\/v2\/pages"}],"about":[{"href":"https:\/\/katiacanton.com.br\/index.php?rest_route=\/wp\/v2\/types\/page"}],"author":[{"embeddable":true,"href":"https:\/\/katiacanton.com.br\/index.php?rest_route=\/wp\/v2\/users\/1"}],"replies":[{"embeddable":true,"href":"https:\/\/katiacanton.com.br\/index.php?rest_route=%2Fwp%2Fv2%2Fcomments&post=1874"}],"version-history":[{"count":25,"href":"https:\/\/katiacanton.com.br\/index.php?rest_route=\/wp\/v2\/pages\/1874\/revisions"}],"predecessor-version":[{"id":2876,"href":"https:\/\/katiacanton.com.br\/index.php?rest_route=\/wp\/v2\/pages\/1874\/revisions\/2876"}],"wp:attachment":[{"href":"https:\/\/katiacanton.com.br\/index.php?rest_route=%2Fwp%2Fv2%2Fmedia&parent=1874"}],"curies":[{"name":"wp","href":"https:\/\/api.w.org\/{rel}","templated":true}]}}