{"id":2208,"date":"2019-07-22T20:48:44","date_gmt":"2019-07-22T20:48:44","guid":{"rendered":"https:\/\/katiacanton.com.br\/?page_id=2208"},"modified":"2019-08-09T19:36:51","modified_gmt":"2019-08-09T19:36:51","slug":"photographics","status":"publish","type":"page","link":"https:\/\/katiacanton.com.br\/?page_id=2208&lang=en","title":{"rendered":"photographics"},"content":{"rendered":"<p>[vc_row full_width=&#8221;stretch_row&#8221; css=&#8221;.vc_custom_1560961359296{padding-top: 20px !important;padding-bottom: 25px !important;background-image: url(https:\/\/katiacanton.com.br\/wp-content\/uploads\/2019\/06\/abre_foto.jpg?id=2061) !important;}&#8221;][vc_column width=&#8221;1\/6&#8243;][\/vc_column][vc_column width=&#8221;2\/3&#8243;][vc_custom_heading text=&#8221;ART&#8221; font_container=&#8221;tag:h4|text_align:center|color:%23ffffff&#8221; use_theme_fonts=&#8221;yes&#8221; css=&#8221;.vc_custom_1563828470092{margin-bottom: 0px !important;border-bottom-width: 0px !important;padding-top: 0px !important;padding-bottom: 0px !important;background-position: center !important;background-repeat: no-repeat !important;background-size: contain !important;}&#8221;][vc_custom_heading text=&#8221;PHOTOGRAPHICS&#8221; font_container=&#8221;tag:h1|text_align:center|color:%23ffffff&#8221; use_theme_fonts=&#8221;yes&#8221; css=&#8221;.vc_custom_1563828478933{margin-top: 0px !important;margin-bottom: 0px !important;border-top-width: 0px !important;border-bottom-width: 0px !important;padding-top: 0px !important;padding-bottom: 0px !important;background-position: center !important;background-repeat: no-repeat !important;background-size: contain !important;}&#8221;][\/vc_column][vc_column width=&#8221;1\/6&#8243;][\/vc_column][\/vc_row][vc_row full_width=&#8221;stretch_row&#8221; css=&#8221;.vc_custom_1562678305598{background-color: #ffffff !important;}&#8221;][vc_column][vc_gallery interval=&#8221;0&#8243; images=&#8221;1834,1835,1836,1837,1838,1839,1840,1841,1842,1843,1844,1845,1846,1847,1848,1849,1850,1851,1852,1853,1854,1855,1856,1857&#8243; img_size=&#8221;full&#8221;][\/vc_column][\/vc_row][vc_row full_width=&#8221;stretch_row&#8221; css=&#8221;.vc_custom_1560801804988{background-color: #fff0de !important;}&#8221;][vc_column width=&#8221;1\/6&#8243;][\/vc_column][vc_column width=&#8221;2\/3&#8243;][vc_column_text]<\/p>\n<div class=\"rmwidget text force-repaint-content\" data-id=\"5a957b7b66c86b48f36802e7\">\n<div class=\"v2\">\n<p data-style-phone_portrait=\"line-height: 18px; font-size: 14px; padding-bottom: 15px;\" data-anchor-link-pos-phone_portrait=\"empty\"><span data-anchor-link-pos-phone_portrait=\"empty\">Because it is always where we place it. And we never place it where we are. This has been poetically said of happiness so many times.\u00a0<\/span><\/p>\n<p data-style-phone_portrait=\"line-height: 18px; font-size: 14px; padding-bottom: 15px;\" data-anchor-link-pos-phone_portrait=\"empty\"><span data-anchor-link-pos-phone_portrait=\"empty\">But this is not by far the only psychic issue that moves away from where it should be and remain. The what and the where the erotic and sexual were supposed to be have become boring, and what they shouldn\u2019t be or remain becomes morbidly fascinating.<\/span><\/p>\n<p data-style-phone_portrait=\"line-height: 18px; font-size: 14px; padding-bottom: 15px;\" data-anchor-link-pos-phone_portrait=\"empty\"><span data-anchor-link-pos-phone_portrait=\"empty\">It is very hard to properly assess the statistics of child sexual abuse, even in developed countries, but approximately 7% of the cases happen to children between the ages of 5 and 8, 15% before the age of 12, and almost 50% before the age of 18. More than 75% of those are girls.\u00a0<\/span><\/p>\n<p data-style-phone_portrait=\"line-height: 18px; font-size: 14px; padding-bottom: 15px;\" data-anchor-link-pos-phone_portrait=\"empty\"><span data-anchor-link-pos-phone_portrait=\"empty\">Child sexualization is closely related to child abuse. In turn, child sexual abuse is closely related to emotional problems and psychiatric diseases in adult life.<\/span><\/p>\n<p data-style-phone_portrait=\"line-height: 18px; font-size: 14px; padding-bottom: 15px;\" data-anchor-link-pos-phone_portrait=\"empty\"><span data-anchor-link-pos-phone_portrait=\"empty\">When eroticism is transferred to the place previously occupied by naivety and childhood, the body of the child ceases to exist for itself and starts to exist for the other &#8211; the eyes of the other, the delight of the other, the desire of the other.<\/span><\/p>\n<p data-style-phone_portrait=\"line-height: 18px; font-size: 14px; padding-bottom: 15px;\" data-anchor-link-pos-phone_portrait=\"empty\"><span data-anchor-link-pos-phone_portrait=\"empty\">The beauty standard in the Fiji Islands up to the beginning of the 1980\u2019s was, for both men and women, a strong, voluptuous body.<\/span><\/p>\n<p data-style-phone_portrait=\"line-height: 18px; font-size: 14px; padding-bottom: 15px;\" data-anchor-link-pos-phone_portrait=\"empty\"><span data-anchor-link-pos-phone_portrait=\"empty\">Problems with strict diets, anorexia and dissatisfaction with one\u2019s body used to be rare or inexistent before the electrification and introduction of the television signal coming from the United States. A few years later, a radical negative reassessment of cultural beauty standards took over teenagers.<\/span><\/p>\n<p data-style-phone_portrait=\"line-height: 18px; font-size: 14px; padding-bottom: 15px;\" data-anchor-link-pos-phone_portrait=\"empty\"><span data-anchor-link-pos-phone_portrait=\"empty\">\u201cWe don\u2019t want to be like our mothers and our fathers, we don\u2019t want to be the way we are; we want that body that comes from the image\u201d has become the plainsong.<\/span><\/p>\n<p data-style-phone_portrait=\"line-height: 18px; font-size: 14px; padding-bottom: 15px;\" data-anchor-link-pos-phone_portrait=\"empty\"><span data-anchor-link-pos-phone_portrait=\"empty\">Strict diets, anorexia and bulimia, body dissatisfaction and the desire to mold the body into what is seen on television have taken over a large population of youth whose bodies are still being formed.\u00a0<\/span><\/p>\n<p data-style-phone_portrait=\"line-height: 18px; font-size: 14px; padding-bottom: 15px;\" data-anchor-link-pos-phone_portrait=\"empty\"><span data-anchor-link-pos-phone_portrait=\"empty\">The ideal body is in another body that is not my body anymore, and the body of my culture has been placed afar to tantalize me.<\/span><\/p>\n<p data-style-phone_portrait=\"line-height: 18px; font-size: 14px; padding-bottom: 15px;\" data-anchor-link-pos-phone_portrait=\"empty\"><span data-anchor-link-pos-phone_portrait=\"empty\">Endowed with disconcerting irony, Katia Canton\u2019s art denounces and disturbs.<\/span><\/p>\n<p data-style-phone_portrait=\"line-height: 18px; font-size: 14px; padding-bottom: 15px;\" data-anchor-link-pos-phone_portrait=\"empty\"><span data-anchor-link-pos-phone_portrait=\"empty\">With her teddy bears, bunnies, toys and dolls that should not be mixed with penises, vaginas and sexy Barbies with long boots.<\/span><\/p>\n<\/div>\n<p><strong>T\u00e1ki Athan\u00e1ssios Cord\u00e1s<br \/>\n<\/strong>Psychiatrist (MD), writer and professor in the Institute of Psychiatry &#8211; FMUSP<\/p>\n<\/div>\n<p>[\/vc_column_text][\/vc_column][vc_column width=&#8221;1\/6&#8243;][\/vc_column][\/vc_row][vc_row full_width=&#8221;stretch_row&#8221; css=&#8221;.vc_custom_1560801804988{background-color: #fff0de !important;}&#8221;][vc_column width=&#8221;1\/2&#8243;][vc_column_text]<a href=\"https:\/\/www.instagram.com\/katia.canton\/\"> <img loading=\"lazy\" decoding=\"async\" class=\"alignnone size-full wp-image-1658\" src=\"https:\/\/katiacanton.com.br\/wp-content\/uploads\/2019\/06\/insta.png\" alt=\"\" width=\"44\" height=\"44\" \/><\/a>\u00a0\u00a0<a href=\"https:\/\/www.facebook.com\/katia.canton.3\"><img loading=\"lazy\" decoding=\"async\" class=\"alignnone size-full wp-image-1657\" src=\"https:\/\/katiacanton.com.br\/wp-content\/uploads\/2019\/06\/face.png\" alt=\"\" width=\"44\" height=\"44\" \/><\/a>[\/vc_column_text][\/vc_column][vc_column width=&#8221;1\/2&#8243;][vc_single_image image=&#8221;1659&#8243; img_size=&#8221;full&#8221; alignment=&#8221;right&#8221;][\/vc_column][\/vc_row]<\/p>\n","protected":false},"excerpt":{"rendered":"<p>[vc_row full_width=&#8221;stretch_row&#8221; css=&#8221;.vc_custom_1560961359296{padding-top: 20px !important;padding-bottom: 25px !important;background-image: url(https:\/\/katiacanton.com.br\/wp-content\/uploads\/2019\/06\/abre_foto.jpg?id=2061) !important;}&#8221;][vc_column width=&#8221;1\/6&#8243;][\/vc_column][vc_column width=&#8221;2\/3&#8243;][vc_custom_heading text=&#8221;ART&#8221; font_container=&#8221;tag:h4|text_align:center|color:%23ffffff&#8221; use_theme_fonts=&#8221;yes&#8221; css=&#8221;.vc_custom_1563828470092{margin-bottom: 0px !important;border-bottom-width: 0px !important;padding-top: 0px !important;padding-bottom: 0px !important;background-position: center !important;background-repeat: no-repeat !important;background-size: contain !important;}&#8221;][vc_custom_heading text=&#8221;PHOTOGRAPHICS&#8221; font_container=&#8221;tag:h1|text_align:center|color:%23ffffff&#8221; use_theme_fonts=&#8221;yes&#8221; css=&#8221;.vc_custom_1563828478933{margin-top: 0px !important;margin-bottom: 0px !important;border-top-width: 0px !important;border-bottom-width: 0px !important;padding-top: 0px !important;padding-bottom: 0px !important;background-position: center !important;background-repeat: no-repeat !important;background-size: contain !important;}&#8221;][\/vc_column][vc_column width=&#8221;1\/6&#8243;][\/vc_column][\/vc_row][vc_row full_width=&#8221;stretch_row&#8221; css=&#8221;.vc_custom_1562678305598{background-color: #ffffff &hellip; <a href=\"https:\/\/katiacanton.com.br\/?page_id=2208&#038;lang=en\" title=\"photographics\" class=\"read-more\">Read More<\/a><\/p>\n","protected":false},"author":1,"featured_media":0,"parent":0,"menu_order":0,"comment_status":"closed","ping_status":"closed","template":"","meta":{"footnotes":""},"class_list":["post-2208","page","type-page","status-publish","hentry"],"_links":{"self":[{"href":"https:\/\/katiacanton.com.br\/index.php?rest_route=\/wp\/v2\/pages\/2208","targetHints":{"allow":["GET"]}}],"collection":[{"href":"https:\/\/katiacanton.com.br\/index.php?rest_route=\/wp\/v2\/pages"}],"about":[{"href":"https:\/\/katiacanton.com.br\/index.php?rest_route=\/wp\/v2\/types\/page"}],"author":[{"embeddable":true,"href":"https:\/\/katiacanton.com.br\/index.php?rest_route=\/wp\/v2\/users\/1"}],"replies":[{"embeddable":true,"href":"https:\/\/katiacanton.com.br\/index.php?rest_route=%2Fwp%2Fv2%2Fcomments&post=2208"}],"version-history":[{"count":2,"href":"https:\/\/katiacanton.com.br\/index.php?rest_route=\/wp\/v2\/pages\/2208\/revisions"}],"predecessor-version":[{"id":2737,"href":"https:\/\/katiacanton.com.br\/index.php?rest_route=\/wp\/v2\/pages\/2208\/revisions\/2737"}],"wp:attachment":[{"href":"https:\/\/katiacanton.com.br\/index.php?rest_route=%2Fwp%2Fv2%2Fmedia&parent=2208"}],"curies":[{"name":"wp","href":"https:\/\/api.w.org\/{rel}","templated":true}]}}